{"id":248,"date":"2026-04-15T21:51:52","date_gmt":"2026-04-15T19:51:52","guid":{"rendered":"https:\/\/serwer2125134.home.pl\/autoinstalator\/wordpresswoocommerce\/?post_type=product&#038;p=248"},"modified":"2026-05-04T22:13:39","modified_gmt":"2026-05-04T20:13:39","slug":"badanie-mindsonar","status":"publish","type":"product","link":"https:\/\/martaorbitowska.pl\/?product=badanie-mindsonar","title":{"rendered":"Badanie MindSonar"},"content":{"rendered":"","protected":false},"excerpt":{"rendered":"<h2>Odkryj sw\u00f3j potencja\u0142 z badaniem MindSonar<\/h2>\n<p>Indywidualne badanie styl\u00f3w my\u015blenia MindSonar + sesja interpretacyjna (90 min)<\/p>\n<p>Otrzymujesz<br \/>\ndost\u0119p do kwestionariusza online<br \/>\npe\u0142ny raport indywidualny<br \/>\nsesj\u0119 interpretacyjn\u0105, podczas kt\u00f3rej omawiamy wyniki i przek\u0142adamy je na Twoje realne wyzwania zawodowe<br \/>\nTo nie jest test osobowo\u015bci.<\/p>\n<p>To mapa Twojego sposobu podejmowania decyzji, reagowania na zmian\u0119 i budowania relacji.<\/p>\n<p>Proces<br \/>\nKr\u00f3tkie spotkanie wprowadzaj\u0105ce (15\u201320 min)<br \/>\nWype\u0142nienie kwestionariusza online<br \/>\nSesja interpretacyjna<br \/>\nForma: online<\/p>\n","protected":false},"featured_media":350,"template":"","meta":{"neve_meta_sidebar":"","neve_meta_container":"","neve_meta_enable_content_width":"off","neve_meta_content_width":100,"neve_meta_title_alignment":"","neve_meta_author_avatar":"","neve_post_elements_order":"","neve_meta_disable_header":"","neve_meta_disable_footer":"","neve_meta_disable_title":"","_themeisle_gutenberg_block_has_review":false},"product_brand":[],"product_cat":[19],"product_tag":[],"class_list":{"0":"post-248","1":"product","2":"type-product","3":"status-publish","4":"has-post-thumbnail","6":"product_cat-sesje","8":"first","9":"instock","10":"virtual","11":"taxable","12":"purchasable","13":"product-type-simple"},"_links":{"self":[{"href":"https:\/\/martaorbitowska.pl\/index.php?rest_route=\/wp\/v2\/product\/248","targetHints":{"allow":["GET"]}}],"collection":[{"href":"https:\/\/martaorbitowska.pl\/index.php?rest_route=\/wp\/v2\/product"}],"about":[{"href":"https:\/\/martaorbitowska.pl\/index.php?rest_route=\/wp\/v2\/types\/product"}],"wp:featuredmedia":[{"embeddable":true,"href":"https:\/\/martaorbitowska.pl\/index.php?rest_route=\/wp\/v2\/media\/350"}],"wp:attachment":[{"href":"https:\/\/martaorbitowska.pl\/index.php?rest_route=%2Fwp%2Fv2%2Fmedia&parent=248"}],"wp:term":[{"taxonomy":"product_brand","embeddable":true,"href":"https:\/\/martaorbitowska.pl\/index.php?rest_route=%2Fwp%2Fv2%2Fproduct_brand&post=248"},{"taxonomy":"product_cat","embeddable":true,"href":"https:\/\/martaorbitowska.pl\/index.php?rest_route=%2Fwp%2Fv2%2Fproduct_cat&post=248"},{"taxonomy":"product_tag","embeddable":true,"href":"https:\/\/martaorbitowska.pl\/index.php?rest_route=%2Fwp%2Fv2%2Fproduct_tag&post=248"}],"curies":[{"name":"wp","href":"https:\/\/api.w.org\/{rel}","templated":true}]}}